m**2 - m - 1. Let v be (2/(-6))/((-1)/(-3)). Let f(u) = -4*u**2 - u + 3. Let y(g) = v*f(g) - 3*q(g). Calculate y(-4).
0
Let u(v) = 25*v - 6. Let h(n) = -9*n + 2. Let x(k) = -17*h(k) - 6*u(k). Determine x(-6).
-16
Let w(d) = -d**2 - d + 4. Let f be 0*(6/(-4) + 1). Suppose -5*l = -f*l - 15. Calculate w(l).
-8
Let w(k) be the first derivative of k**4/4 - 5*k**3/3 + k**2 + k - 1. Let z(y) = -y - 5. Let c be z(-9). Calculate w(c).
-7
Let b(r) = -r**3 - 2*r**2 + 2*r - 1. Let d be b(-3). Let t = 4 - 2. Let u(n) = d*n + 2*n - t + 0. Give u(2).
6
Let o(k) = 4*k - 3. Suppose -3*q + 15 = 2*q - 3*a, 5*a + 12 = 4*q. Give o(q).
9
Let l(b) = b**2 + 7*b. Let a be l(-8). Suppose 8 = -2*v - a. Let r be (6/(-4))/((-4)/v). Let o(c) = c**2 + 4*c + 4. Give o(r).
1
Suppose 0 = -s - 0*s - 3. Let y be (-4 - -2)/2 - s. Let x(i) = -2*i + 3. What is x(y)?
-1
Let f(i) be the first derivative of 3*i**4/2 - i**2/2 + 13. Determine f(1).
5
Let i(d) be the third derivative of 5*d**4/12 - d**3/3 - 19*d**2. What is i(2)?
18
Let d(w) = -w + 4. Let l be (5/5)/(1/(-6)). Let b = l + 11. What is d(b)?
-1
Suppose 6*k - 3*k - 12 = 0. Suppose 28 = -4*p - 4*s, -2*s + 3*s = -3*p - 19. Let f = k + p. Let c(m) = -3*m. Give c(f).
6
Let k(y) = 7*y**2 + 3*y + 3. Let a(w) = w**2 + w + 1. Suppose 2*z - 8 = 2*r, 0 = r + r - 2. Let c(v) = z*a(v) - k(v). Let q be 14/21 - 4/(-3). Give c(q).
-2
Let c(s) = -s**2 - 2*s + 1. Suppose 5*w + 13 = -v, -w + 0*v + 4 = -2*v. Let x = w + 3. Calculate c(x).
-2
Let i(x) = 5 - 48*x**3 + 6*x - 4*x**2 + 92*x**3 - 45*x**3. Calculate i(-5).
0
Let s(h) be the third derivative of h**6/120 + h**5/60 - h**4/24 + 5*h**3/3 - 9*h**2. Calculate s(0).
10
Let h be 8/(-36) + 38/9. Let g(l) = -13*l**2 + 2 + h*l**2 - 1. Give g(1).
-8
Let x = 9 + -12. Let l(m) = m**2 - 2*m - 2. Let g(u) = -10*u - 6 - 4 + 10*u**2 - 4*u**2. Let v(z) = -4*g(z) + 22*l(z). Give v(x).
-10
Let h(x) be the third derivative of -x**5/60 - 5*x**4/24 + 5*x**3/3 - 18*x**2. Give h(-7).
-4
Let l(o) be the third derivative of 0 + o**2 + 1/6*o**3 + 0*o. Let w(q) = q + 7. Let g(k) = 4*l(k) - w(k). Determine g(3).
-6
Let m(h) = h**3 - 5*h**2 - 4*h - 8. Let p be m(6). Let n(l) = l**3 - 3*l**2 - l + 2. Calculate n(p).
14
Let p(o) = 3*o + 2 + 4 - o. Let i(k) be the third derivative of -k**4/24 - 2*k**3 + k**2. Let m be i(-7). Calculate p(m).
-4
Let n be (10/4 - 0)*2. Let c = 9 - n. Suppose -x + c + 1 = 0. Let i(l) = -l**3 + 5*l**2 - 2*l + 4. Calculate i(x).
-6
Let b(l) = 13*l - 10. Let c(o) = -9*o + 7. Let w(g) = 5*b(g) + 7*c(g). Let q(p) = -p + 4. Let z be q(0). Determine w(z).
7
Let c(m) be the third derivative of 4*m**2 + 0*m + 0 - 1/6*m**4 - 2/3*m**3 - 1/30*m**5 - 1/360*m**6. Let r(l) be the first derivative of c(l). Calculate r(-4).
-4
Let r(l) be the third derivative of l**6/10 - l**5/60 + l**3/6 + 24*l**2. Give r(-1).
-12
Let b(f) be the first derivative of -f**4/4 + 2*f**3 - 2*f**2 + 1. Suppose 0*z - 10 = -2*z. Give b(z).
5
Let q be 12/(-2)*(-1)/6*2. Let a(h) = h**3 - 2*h**2 + 3*h - 3. Determine a(q).
3
Let j(i) = i - 9. Let k be 2/1 - (-6 + 4). Suppose -3*o - 7 = -k*o. Give j(o).
-2
Let b(p) = -p**3 - 4*p**2 - 4*p - 7. Let s(l) = -3*l**3 - 8*l**2 - 9*l - 14. Let h(i) = 5*b(i) - 2*s(i). Determine h(5).
8
Let o be (0/(4/2))/(-1). Let k(c) = 3 + c - 2*c + o*c. Give k(5).
-2
Let f(y) = -y**2 + 2*y + 2. Let m = -1 + 1. Suppose m = -q - 4*j - 14, -q + j + 21 = -2*j. Let p be -1 + (3 - q)/3. Calculate f(p).
-6
Let n(h) be the third derivative of h**4/24 + 5*h**3/6 + 7*h**2. Let s be (-4)/(4 - 2) + 1. Let j be 2*s/(-2) + -5. Give n(j).
1
Let r = -9 + 16. Suppose -r*a + 5*a + 12 = 0. Let v(z) = -z**2 + 7*z - 8. Calculate v(a).
-2
Let v(n) be the third derivative of -n**6/240 - n**5/60 - n**4/6 + n**2. Let k(u) be the second derivative of v(u). What is k(-3)?
7
Suppose 3*f = v - 2, 0*v - 6 = 5*f + v. Let b(a) = -3*a**3 - 1 + 0*a + 2*a - a**2 + 11*a**3 - 4*a. Determine b(f).
-8
Suppose 4*g = 2*h - h - 41, -2*h + 62 = -3*g. Suppose h = m - 6*m. Let a(p) = p**3 + 6*p**2 + 5*p + 2. Give a(m).
2
Let y = 5 - 3. Let s(c) be the first derivative of c**4/4 - c**3 - 2*c - 3. Give s(y).
-6
Suppose 0*l = 4*l - 8. Let y(t) = t**l + 2 - 2 + t - 1. Suppose 5*c = -4*x + 18, 3*x = 2*x + c. Calculate y(x).
5
Suppose -3*b + 0*b + 15 = 5*z, 0 = 2*b + 5*z - 15. Let k(v) = -v**3 - 6. Calculate k(b).
-6
Let b(l) = l**3 + 5*l**2 - 6*l + 1. Let z(c) = -c**2 - 1. Let r(t) = -b(t) - 2*z(t). Let p(n) = 8*n + 6. Let w be p(-5). Let d be w/8 + (-1)/(-4). What is r(d)?
-7
Let z(f) = -f. Let x(d) = 6*d - 2. Let i(n) = -x(n) - 5*z(n). Let g be i(-2). Let k(c) = 2*c. Calculate k(g).
8
Let t(g) be the second derivative of -g**3/2 + 2*g**2 - g. Let n(s) = s**2 + 6*s + 4. Suppose 16 = -4*z - 8. Let h be n(z). Give t(h).
-8
Let t(y) = -y - 2. Let w(g) = 2*g + 4. Let c(j) = 5*t(j) + 2*w(j). Calculate c(2).
-4
Let l(n) = -n - 7. Let g be l(-10). Let r(o) = 2*o - 1 + 6*o**g - o**3 - o**3. Let v be r(1). Let y(t) = t**3 - 5*t**2 - 2*t + 3. Determine y(v).
-7
Let j = -109 - -105. Let d(x) = -x**3 - 3*x**2 + 4*x. Determine d(j).
0
Let a(f) = f. Let p = 12 + -13. What is a(p)?
-1
Let b(f) = f + 1. Let n(q) = 2*q + 2. Let v(d) = 5*b(d) - 3*n(d). Calculate v(1).
-2
Let l(x) = 2*x - 5. Let q(m) = -m**3 - 7*m**2 + 20*m + 22. Let y be q(-9). Determine l(y).
3
Let f = -169 - -339/2. Let c(d) be the first derivative of f*d**2 - 2 - 5*d. What is c(0)?
-5
Let y(l) = -l**2 - 3 + 2*l**2 + 0*l**2 + 0*l**2. What is y(0)?
-3
Let v(g) be the first derivative of g**4/4 - 4*g**3/3 + g**2/2 + g - 2. Suppose -3*d + 22 = p, 0*p - p + 15 = 2*d. Suppose -5*o = -13 - d. Give v(o).
5
Let s(h) = h**3 + 3*h**2 - 5*h - 4. Suppose -4*m + 4 = -2*m - 5*b, -b = -5*m - 13. Determine s(m).
11
Let t(f) = 14*f**3 + 1. Suppose -2*v + 3 = 1. Calculate t(v).
15
Let p = -3 - -6. Let n(v) = -p*v**2 + 0*v**2 - 3*v**3 + 2*v**2. Determine n(1).
-4
Suppose -4*b = -0*b + 5*v + 26, 0 = 2*b - v + 6. Let u(s) = 3*s + 6. Let r be u(b). Let h(p) = -8*p - 3 + 17*p + 10 - 7*p. Calculate h(r).
-5
Let b(h) = -3*h**2 - 1 + 1 - h - 11*h**2. Let w be b(1). Let m be (-6)/w + 8/5. Let y(a) = a**3 - 3*a**2 + 2*a - 3. Determine y(m).
-3
Let o be (6/(-10) - -1)*5. Let q(b) = b**3 - 2*b**2 - 2. Calculate q(o).
-2
Let l be ((-9)/6)/(3/(-4)). Suppose -3*p + 11 = -5*q, 7*q + 5 = 2*q. Let m(f) = -2*f + 2 + f**2 + 0*f**p + 0*f**2. Give m(l).
2
Suppose 4*k = -3*d + 3*k + 20, -4*k = d - 14. Let a(f) = -f**2 - d + f - 3 + 1. Give a(0).
-8
Let o(h) = -h + 2. Let n(m) = 3 - 2*m**2 - 1 + m**3 + 0 - 2*m**2 + 2*m. Let u be n(3). Let f be 1 + u - (1 - 3). What is o(f)?
0
Let c(b) = b**3 - 9*b**2 + 6*b + 5. Suppose 3*h - 24 = 3*z, -2*h + 11 = -4*z - 5. Give c(h).
-11
Let u(g) = -g**2 + 10*g + 2. Let j be u(10). Let c be (3/(-2))/(1/(-2)). Let t(l) = 2*l + 2*l**2 - c*l - l**3 - l + 2. Calculate t(j).
-2
Let q(t) = -t**2. Let o = 53 + -49. Determine q(o).
-16
Let w(z) = 2*z**2 + 2*z - 2. Let q be w(-2). Suppose -q = x - 2*x. Let m(r) = -r**x - 1 + 3 - 3 + r + 2. Give m(2).
-1
Let d(f) = f - 6. Let u be d(9). Let y(s) = 4*s**2 - 3 + 10*s + 9*s + 7*s - 28*s + s**u. What is y(-5)?
-18
Let y(n) = n**2 + 3*n - 4. Suppose 27 = 4*u - 9. Suppose a = 2*z - 3*a - 8, -11 = -4*z + 3*a. Suppose -z*x - u = x. Calculate y(x).
-4
Suppose j + 4*j = -20. Let z = 6 + j. Suppose 0 = z*u + u + 6. Let v(y) = -y**3 - y**2 + 2*y + 1. Give v(u).
1
Let j(g) = 2*g - 2. Let o be (-22)/3*18/(-12). Let s(x) = 0 + 1 - 4 - x**2 - o*x + 1. Let z be s(-11). What is j(z)?
-6
Let d be (1/3)/((-1)/3). Let m be (-10)/(-4) - 3/6. Let c(l) = 4*l**3 - 2 - 1 - m*l + 2. Give c(d).
-3
Let y(p) = -2*p**3 + 2*p**2 + 2*p + 1. Suppose -2*k = -5*k. Let z be (k + (-2)/4)*2. Determine y(z).
3
Let v(n) = -n**3 + 6*n**2 - 6. Let f(c) = c**3 - 9*c**2 + 11*c - 18. Let t be f(8). What is v(t)?
-6
Let m(x) = 2*x**3 - 3*x**2 + 3. Let u be m(2). Let w(k) = k**3 - 8*k**2 + 5*k + 7. Determine w(u).
-7
Let w(l) = l + 6. Let j be w(-4). Suppose -j*p + 6 = -3*p. Let r(b) = -b**2 - 4*b + 8. Determine r(p).
-4
Suppose -4*j = j + 30. Let l(t) = -t**3 - 7*t**2 - 5*t + 4. Let h be l(j). Let u(n) = -3*n + 1. Calculate u(h).
7
Suppose 4*t = -2*c + 8, -5*c + 0*c = 0. Let m(w) = 5 + w**2 + 2*w**t - 3*w**2 + 4*w - w**2. Calculate m(5).
0
Let g(s) be the third derivative of s**5/60 - s**4/6 + s**3/2 - 2*s**2. Gi